{"id":503,"date":"2021-05-10T21:03:42","date_gmt":"2021-05-10T19:03:42","guid":{"rendered":"http:\/\/www.finnishplant.com\/?page_id=503"},"modified":"2022-10-17T17:47:08","modified_gmt":"2022-10-17T15:47:08","slug":"ruusuisia-kokemuksia","status":"publish","type":"page","link":"https:\/\/www.finnishplant.com\/?page_id=503","title":{"rendered":"fi-kokemuksia"},"content":{"rendered":"<div class=\"page-lang--menu\">\n<div class=\"page-lang--flags\">\n    <a href=\"https:\/\/www.finnishplant.com\/?page_id=503\"><img loading=\"lazy\" decoding=\"async\" class=\"alignnone size-full\" src=\"https:\/\/www.finnishplant.com\/wp-content\/uploads\/2021\/05\/fi.jpg\" alt=\"\" width=\"19\" height=\"14\"><\/a><a href=\"https:\/\/www.finnishplant.com\/?page_id=521\"><img loading=\"lazy\" decoding=\"async\" class=\"alignnone size-full\" src=\"https:\/\/www.finnishplant.com\/wp-content\/uploads\/2021\/05\/de.jpg\" alt=\"\" width=\"19\" height=\"14\"><\/a><a href=\"https:\/\/www.finnishplant.com\/?page_id=515\"><img loading=\"lazy\" decoding=\"async\" class=\"alignnone size-full\" src=\"https:\/\/www.finnishplant.com\/wp-content\/uploads\/2021\/05\/en.jpg\" alt=\"\" width=\"19\" height=\"14\"><\/a><\/div>\n<\/div>\n<div class=\"section-logo\"><img loading=\"lazy\" decoding=\"async\" class=\"alignnone\" src=\"https:\/\/www.finnishplant.com\/wp-content\/uploads\/2021\/05\/s.png\" alt=\"\" width=\"160\" height=\"49\"><\/div>\n<div class=\"back-button\"><a href=\"https:\/\/www.finnishplant.com\/?page_id=500\">Takaisin<\/a><\/div>\n<div id=\"dokumentti\" class=\"page-content\">\n<h1 class=\"section-title\">Dokumentti Ranskan TV 1:lle<\/h1>\n<div class=\"page-collage-row page-image\">\n<div class=\"page-collage-column\">\n<div class=\"page-collage-text--left\">\n<p class=\"collage-paragraph\">Kes\u00e4 2018 oli Finnish Plantilla hieman tavanomaista j\u00e4nnempi. Pari vuotta aiemmin Ruusun Ter\u00e4lehtihilloa oli esitelty Action Finlandin j\u00e4rjest\u00e4m\u00e4ss\u00e4 ammattilaistapahtumassa Pariisissa. Siell\u00e4 tuottetta p\u00e4\u00e4si maistelemaan dokumenttiohjaaja Valerie Exposito. H\u00e4n innostui tuotteesta siin\u00e4 m\u00e4\u00e4rin, ett\u00e4 halusi ottaa Finnish Plantin esimerkiksi dokumenttiprojektilleen, jossa kolme huippukeitti\u00f6mestaria l\u00e4hti tutkimaan kulinaristisia el\u00e4myksi\u00e4 Ranskan ulkopuolelta.<\/p>\n<\/div>\n<p><img loading=\"lazy\" decoding=\"async\" style=\"max-width: 80%; margin-top: 2em;\" class=\"alignnone size-full\" src=\"https:\/\/www.finnishplant.com\/wp-content\/uploads\/2021\/05\/1-3.jpg\" alt=\"\" width=\"788\" height=\"601\"><\/p>\n<\/div>\n<div class=\"page-collage-column\">\n<div class=\"page-collage--image\">\n        <img loading=\"lazy\" decoding=\"async\" class=\"alignnone size-full\" src=\"https:\/\/www.finnishplant.com\/wp-content\/uploads\/2021\/05\/s2k1-7.jpg\" alt=\"\" width=\"468\" height=\"316\"><\/p>\n<div style=\"margin-bottom: 4em;\" class=\"collage-info--white\">Kuva: Action Finland<\/div>\n<\/div>\n<div class=\"page-collage-text--left\">\n<p style=\"margin-top: 2em;\" class=\"collage-paragraph\">Eip\u00e4 aikaakaan, kun linjat olivat kuumina Pariisin ja Vampulan v\u00e4lill\u00e4. Hein\u00e4kuussa 2018 Suomen Vampulaan matkasivat ohjaaja Valerien mukana huippukokit Stephane Debracque (Autret) ja Ranskan kulinaristisen akatemian presidentti Fabricio Prochasson. Ensin kalastettiin S\u00e4kyl\u00e4n Pyh\u00e4j\u00e4rvell\u00e4 ja sitten siirryttiin poimimaan ruusun ter\u00e4lehti\u00e4. Katajan oksien p\u00e4\u00e4ll\u00e4 savustettua siikaa ruusuilla ja Boulabaisse-keitto Ruusun Ter\u00e4lehtihillolla ryyditettyn\u00e4 ja j\u00e4lkiruuaksi Stephanen meloni-ruusun ter\u00e4lehti carpaccio. O-la-la!<\/p>\n<p class=\"collage-paragraph\">Kotiin palattuaan huippukokit muistelivat Suomen matkaa kuinkas muuten kuin uudella reseptiikalla. Stephane Debracquen loihtimat ruusu-macaron leivonnaiset ja hanhenmaksa-valkosuklaa Ruusun Ter\u00e4lehtihillolla olivat ranskalainen tulkinta keskiy\u00f6n ruusun taiasta.<\/p>\n<p class=\"collage-paragraph\">Kolmen p\u00e4iv\u00e4n reissusta syntyi dokumentti, joka esitettiin Ranskan TV 1:ll\u00e4 toukokuussa 2019.<\/p>\n<\/div>\n<\/div>\n<\/div>\n<div class=\"section-logo\"><img loading=\"lazy\" decoding=\"async\" class=\"alignnone\" src=\"https:\/\/www.finnishplant.com\/wp-content\/uploads\/2021\/05\/s.png\" alt=\"\" width=\"160\" height=\"49\"><\/div>\n<\/div>\n<div id=\"arvaa-kuka\" class=\"page-content\">\n<h1 class=\"section-title\">Arvaa kuka tykk\u00e4\u00e4 ruusuruuasta<\/h1>\n<div class=\"page-collage-row page-image\">\n<div class=\"page-collage-column\">\n<div class=\"page-collage--image\">\n        <img loading=\"lazy\" decoding=\"async\" class=\"alignnone size-full\" src=\"https:\/\/www.finnishplant.com\/wp-content\/uploads\/2021\/05\/k1-1.jpg\" alt=\"\" width=\"553\" height=\"553\"><\/p>\n<div class=\"collage-info--white\">Kuva: Action Finland<\/div>\n<\/div>\n<div class=\"page-collage-text--left\">\n<p style=\"margin-top: 2em;\" class=\"collage-paragraph\">Finnish Plantin Ruusun Ter\u00e4lehtihillo valloittaa maailmalla ja moni huippukokki on ihastunut sen luomiin mahdollisuuksiin.<\/p>\n<p class=\"collage-paragraph\">Yksi fani on monissa liemiss\u00e4 keitetty Michael Martin. H\u00e4n on liidellyt kansainv\u00e4lisiss\u00e4 suihkuseurapiireiss\u00e4 ja kokkaillut niin rokkareille kuin kuninkaallisillekin.<\/p>\n<p class=\"collage-paragraph\">My\u00f6s Berliiniss\u00e4 vuosia mainetta niitt\u00e4nyt suomalainen Michelin t\u00e4hti -kokki Sauli Kemppainen on ihastunut Ruusun Ter\u00e4lehtihilloon. Fine dining menulta on vuosien varrella l\u00f6ytynyt useita ruusuisia luomuksia, esimerkiksi kuvan j\u00e4lkiruoka Ruusu-Raparperi-Lakritsi\u2013Hasselp\u00e4hkin\u00e4.<\/p>\n<\/div>\n<\/div>\n<div class=\"page-collage-column\">\n<div class=\"page-collage-text--left\">\n<p class=\"collage-paragraph\">&#8220;Finnish rose petal jam, I must say, great looking confiture, its packaging looks smart, has a nice ribbon to rip on opening and the scent of the jam says it all! A magical moment awaits as you take your first bite.<\/p>\n<p class=\"collage-paragraph\">All guests I have shared it with love it and it\u2019s also great to use in mousse or to top small tarts with. Love it &#8211; please try and enjoy.&#8221;<\/p>\n<\/div>\n<div class=\"page-collage--image\">\n        <img loading=\"lazy\" decoding=\"async\" style=\"max-width: 60%; margin-top: 6em;\" class=\"alignnone size-full\" src=\"https:\/\/www.finnishplant.com\/wp-content\/uploads\/2021\/05\/2-4.jpg\" alt=\"\" width=\"520\" height=\"694\"><\/p>\n<div class=\"collage-info--white\"><\/div>\n<\/div>\n<\/div>\n<\/div>\n<div class=\"section-logo\"><img loading=\"lazy\" decoding=\"async\" class=\"alignnone\" src=\"https:\/\/www.finnishplant.com\/wp-content\/uploads\/2021\/05\/s.png\" alt=\"\" width=\"160\" height=\"49\"><\/div>\n<\/div>\n<div id=\"kohtaamisia\" class=\"page-content\">\n<h1 class=\"section-title\">Kohtaamisia<\/h1>\n<div class=\"page-collage-row page-image\">\n<div class=\"page-collage-column\">\n<div class=\"page-collage--image\">\n        <img loading=\"lazy\" decoding=\"async\" style=\"max-width: 70%;\" class=\"alignnone size-full\" src=\"https:\/\/www.finnishplant.com\/wp-content\/uploads\/2021\/05\/k1-3.jpg\" alt=\"\" width=\"553\" height=\"553\"><\/div>\n<\/div>\n<div class=\"page-collage-column\">\n<div class=\"page-collage-text--left\">\n<p class=\"collage-paragraph\">Tuuli ja Matti Finnish Plantilta ovat vuosia kierrelleet ahkerasti messuja ja matkaan on tarttunut monta hauskaa tarinaa ja kohtaamista.<\/p>\n<p class=\"collage-paragraph\">Italiassa Ruusun Ter\u00e4lehtihillo aiheutti aikoinaan pienimuotoisen kaaoksen, kun paikallislehden toimittaja k\u00e4vi osastolla ihastumassa tuotteeseen. H\u00e4nen kirjoittamansa juttu aiheutti messuosastolle rynt\u00e4yksen ja tuote loppui kesken. Italialainen temperamentti p\u00e4\u00e4si valloilleen, kun kaikki halukkaat eiv\u00e4t saaneetkaan himoitsemaansa herkkua.<\/p>\n<p class=\"collage-paragraph\">Maailman suurimmilla kuluttajille suunnatuilla ruokamessuilla, Berliinin Gr\u00fcne Wochella, Kotajat ovat ihastuttaneet saksalaisia jo useana vuonna. Kulinaristisista kohtaamisista paikallisten ruokavaikuttajien ja median edustajien kanssa on syntynyt juttuja radioon, televisioon ja lehtiin. Onpa ryhm\u00e4 toimittajia vieraillutkin Vampulassa.<\/p>\n<\/div>\n<\/div>\n<\/div>\n<div class=\"page-text--center\">\n<h3 class=\"page-recipe--tittle\">Alla muutamia maistiaisia jutuista:<\/h3>\n<p><a href=\"https:\/\/www.mtv.fi\/sarja\/uutisjutut-kulttuuri-33001022\/harvinaisia-suomalaisherkkuja-vientiin-569699\">Harvinaisia suomalaisherkkuja vientiin (MTV)<\/a><br \/>\n<a href=\"https:\/\/www.bz-berlin.de\/reisen\/reisebericht-finnland-wo-das-glueck-zu-hause-ist?fbclid=IwAR3hRyGvKvXPqyo_WjbpuJCgdZOStNKQ8f2a2f4_DSQhlNDYGrCMQHJCmM0\">Juttu matkasta Suomeen (BZ, Sabine Klier)<\/a><br \/>\n<a href=\"https:\/\/www.focus.de\/gesundheit\/ernaehrung\/geniessen\/ernaehrung-so-zauberhaft-ist-die-bluetenkueche_id_10864143.html?fbclid=IwAR38-ddekL-rA8UzAbRDHfqVnxNSv2mzNQ4UIXy5-eWQO6R323B4yh1_Kw4\">Juttu Kukkaiskeitti\u00f6st\u00e4 (Saksalainen Focus lehti)<\/a><\/p>\n<\/div>\n<div class=\"section-logo\"><img loading=\"lazy\" decoding=\"async\" class=\"alignnone\" src=\"https:\/\/www.finnishplant.com\/wp-content\/uploads\/2021\/05\/s.png\" alt=\"\" width=\"160\" height=\"49\"><\/div>\n<\/div>\n","protected":false},"excerpt":{"rendered":"<p>Takaisin Dokumentti Ranskan TV 1:lle Kes\u00e4 2018 oli Finnish Plantilla hieman tavanomaista j\u00e4nnempi. Pari vuotta aiemmin Ruusun Ter\u00e4lehtihilloa oli esitelty Action Finlandin j\u00e4rjest\u00e4m\u00e4ss\u00e4 ammattilaistapahtumassa Pariisissa. Siell\u00e4 tuottetta p\u00e4\u00e4si maistelemaan dokumenttiohjaaja Valerie Exposito. H\u00e4n innostui tuotteesta siin\u00e4 m\u00e4\u00e4rin, ett\u00e4 halusi ottaa Finnish Plantin esimerkiksi dokumenttiprojektilleen, jossa kolme huippukeitti\u00f6mestaria l\u00e4hti tutkimaan kulinaristisia el\u00e4myksi\u00e4 Ranskan ulkopuolelta. Kuva: Action [&hellip;]<\/p>\n","protected":false},"author":1,"featured_media":0,"parent":0,"menu_order":0,"comment_status":"closed","ping_status":"closed","template":"page-templates\/full-width.php","meta":{"footnotes":""},"class_list":["post-503","page","type-page","status-publish","hentry"],"_links":{"self":[{"href":"https:\/\/www.finnishplant.com\/index.php?rest_route=\/wp\/v2\/pages\/503","targetHints":{"allow":["GET"]}}],"collection":[{"href":"https:\/\/www.finnishplant.com\/index.php?rest_route=\/wp\/v2\/pages"}],"about":[{"href":"https:\/\/www.finnishplant.com\/index.php?rest_route=\/wp\/v2\/types\/page"}],"author":[{"embeddable":true,"href":"https:\/\/www.finnishplant.com\/index.php?rest_route=\/wp\/v2\/users\/1"}],"replies":[{"embeddable":true,"href":"https:\/\/www.finnishplant.com\/index.php?rest_route=%2Fwp%2Fv2%2Fcomments&post=503"}],"version-history":[{"count":8,"href":"https:\/\/www.finnishplant.com\/index.php?rest_route=\/wp\/v2\/pages\/503\/revisions"}],"predecessor-version":[{"id":845,"href":"https:\/\/www.finnishplant.com\/index.php?rest_route=\/wp\/v2\/pages\/503\/revisions\/845"}],"wp:attachment":[{"href":"https:\/\/www.finnishplant.com\/index.php?rest_route=%2Fwp%2Fv2%2Fmedia&parent=503"}],"curies":[{"name":"wp","href":"https:\/\/api.w.org\/{rel}","templated":true}]}}